n base 13, what is -2 - -1a25?
1a23
In base 6, what is -1 + -11?
-12
In base 10, what is 11 + 1182?
1193
In base 14, what is -3 + 132?
12d
In base 12, what is 188 + -4?
184
In base 10, what is -3 + -89?
-92
In base 5, what is -10131 + 113?
-10013
In base 9, what is -3 + 1240?
1236
In base 11, what is 160 + 5?
165
In base 7, what is 55 - 5?
50
In base 9, what is -10 + -55?
-65
In base 11, what is 4 + 276?
27a
In base 3, what is -2 + 1122?
1120
In base 6, what is 3 - 54?
-51
In base 8, what is -27457 - 1?
-27460
In base 12, what is -3 + -716?
-719
In base 8, what is 46 - 176?
-130
In base 9, what is -1 + 36?
35
In base 5, what is 3 + 233?
241
In base 15, what is 3 + 97?
9a
In base 6, what is 2 - -13?
15
In base 8, what is -7 + 730?
721
In base 11, what is 1a06 - 1?
1a05
In base 5, what is -23 + 12?
-11
In base 13, what is -12 + -10?
-22
In base 12, what is -503 + -9?
-510
In base 15, what is 5 - -492?
497
In base 4, what is -10223 - 32?
-10321
In base 13, what is 310 - -9?
319
In base 12, what is 4 + -203?
-1bb
In base 16, what is -1 + -b44?
-b45
In base 11, what is 226 - 6?
220
In base 7, what is -40 + 255?
215
In base 10, what is 4 + 100?
104
In base 11, what is 6879 - 2?
6877
In base 11, what is 1 - 192?
-191
In base 14, what is -44 - -6?
-3c
In base 7, what is 16 + -54?
-35
In base 14, what is 3 - 3db?
-3d8
In base 6, what is 0 + 55?
55
In base 11, what is -13 + 234?
221
In base 13, what is -38 - 15?
-50
In base 7, what is -10332 - 1?
-10333
In base 15, what is -89 - -1?
-88
In base 7, what is 22 - -20?
42
In base 15, what is 1c - 1a?
2
In base 8, what is -3 + -25?
-30
In base 2, what is 1 - -111011?
111100
In base 3, what is -1 + 20010?
20002
In base 12, what is a1 - 3?
9a
In base 5, what is 10 + -1223?
-1213
In base 10, what is -9 + -41?
-50
In base 8, what is 13 - 4572?
-4557
In base 15, what is -3318 - -4?
-3314
In base 3, what is -2102 + -20?
-2122
In base 2, what is -110101001100 - 110?
-110101010010
In base 9, what is -206 + -173?
-380
In base 7, what is -14 - -2?
-12
In base 4, what is 200 - 30?
110
In base 13, what is 60c - 2?
60a
In base 4, what is 210 + -11103?
-10233
In base 12, what is -4 + -94?
-98
In base 11, what is 14 - 21?
-8
In base 3, what is -2101002 + 2?
-2101000
In base 10, what is -49 - 51?
-100
In base 14, what is 4 + a3?
a7
In base 4, what is -223020 - -31?
-222323
In base 13, what is 3 - c27?
-c24
In base 2, what is -10110 + -1110100?
-10001010
In base 15, what is -4 - -2b?
27
In base 10, what is 6 + -267?
-261
In base 7, what is 15 + -3?
12
In base 2, what is 111001101111 + 100?
111001110011
In base 14, what is 7ad + 5?
7b4
In base 14, what is 1 + -858?
-857
In base 6, what is 15555 - 3?
15552
In base 9, what is -213 + 5?
-207
In base 10, what is 3 - 235?
-232
In base 11, what is 2 - -51?
53
In base 6, what is 5344 + -3?
5341
In base 2, what is 11 + -1010011?
-1010000
In base 8, what is 1 + 26?
27
In base 3, what is -21 - 1021?
-1112
In base 6, what is 0 - -20?
20
In base 6, what is 30 + -10?
20
In base 12, what is 2 - -1b34?
1b36
In base 10, what is 1338 - 2?
1336
In base 16, what is 2 - -95?
97
In base 11, what is -1 - -152?
151
In base 8, what is -122 - 2?
-124
In base 9, what is 2 + 276?
278
In base 16, what is -de - -3?
-db
In base 9, what is -5 + -2667?
-2673
In base 14, what is 5 + 77?
7c
In base 8, what is -2 + 1?
-1
In base 4, what is 2123 + 11?
2200
In base 8, what is 3 + 424?
427
In base 12, what is -79 + -15?
-92
In base 11, what is -2 - 4?
-6
In base 10, what is -107 + 11?
-96
In base 4, what is 10 + 2213?
2223
In base 3, what is -1002 - 22121?
-100200
In base 6, what is 324 - -102?
430
In base 11, what is -321 - 2?
-323
In base 7, what is -120 - 0?
-120
In base 2, what is 11 - 111101010?
-111100111
In base 10, what is -477 + -4?
-481
In base 14, what is -3 - -5?
2
In base 10, what is -18 - -180?
162
In base 11, what is 39 - -7?
45
In base 12, what is 5 + -20?
-17
In base 7, what is 11 - -523?
534
In base 4, what is -21231 + 11?
-21220
In base 2, what is -10101 - 1001011?
-1100000
In base 12, what is 3 - 80?
-79
In base 7, what is 21 - 26?
-5
In base 4, what is -220021 + 0?
-220021
In base 15, what is 2 + 5b?
5d
In base 11, what is 5 - 60?
-56
In base 9, what is -1 + -8?
-10
In base 6, what is -40 - -1200?
1120
In base 16, what is 4 - -56?
5a
In base 8, what is 304 + -4?
300
In base 15, what is 3 + 8b?
8e
In base 6, what is 200 + 43?
243
In base 2, what is 111111010 - 100?
111110110
In base 9, what is -20 + -246?
-266
In base 12, what is -63 - 2?
-65
In base 5, what is -2 + 1323?
1321
In base 9, what is 18 - -10?
28
In base 2, what is -11 - -111101?
111010
In base 12, what is 5 - -134?
139
In base 5, what is -332 - -3?
-324
In base 14, what is -ab + 81?
-2a
In base 7, what is -5 - -30?
22
In base 11, what is -1 + -287?
-288
In base 16, what is -114 + 0?
-114
In base 6, what is -2 - 15355?
-15401
In base 3, what is 101000101 - 12?
101000012
In base 7, what is -3 - -466?
463
In base 7, what is -446 - 3?
-452
In base 6, what is -21 - -35?
14
In base 4, what is -3223 + 2?
-3221
In base 5, what is 0 + 1321?
1321
In base 16, what is -3 - 86?
-89
In base 9, what is -3831 + -4?
-3835
In base 16, what is 3 + -1c9?
-1c6
In base 4, what is 13 - -122330?
123003
In base 14, what is -4 - -3d?
39
In base 10, what is -4 + -69?
-73
In base 6, what is 21 - 115?
-54
In base 2, what is 1000010 + -100000?
100010
In base 12, what is 3 - -25?
28
In base 5, what is -4 - -31430?
31421
In base 4, what is 132101 + -1?
132100
In base 11, what is -1940 + 3?
-1938
In base 11, what is 3 + -39?
-36
In base 16, what is -3b + -5?
-40
In base 15, what is 3cb + 3?
3ce
In base 6, what is 2 + -130?
-124
In base 14, what is -3 - 16?
-19
In base 15, what is 4 + a?
e
In base 8, what is -56 + -4?
-62
In base 9, what is -18 - 551?
-570
In base 6, what is -5 - -414?
405
In base 15, what is 5 - -2b?
31
In base 12, what is 160 + 3?
163
In base 12, what is 95 + -3?
92
In base 3, what is 2022001 - 12?
2021212
In base 3, what is 1 - -22?
100
In base 15, what is -41 - -3b?
-5
In base 3, what is -101011 + -10?
-101021
In base 7, what is 2613 - -4?
2620
In base 10, what is -20 - -261?
241
In base 16, what is 6fb + -4?
6f7
In base 15, what is -9 - -4?
-5
In base 7, what is 0 + 256?
256
In base 14, what is -38 + 15?
-23
In base 5, what is -2 + -2202?
-2204
In base 14, what is 5 - -467?
46c
In base 3, what is -1212 - -1021?
-121
In base 4, what is 120 - -23102?
23222
In base 11, what is 4 - 6a6?
-6a2
In base 3, what is 200 + -2?
121
In base 4, what is -13 + -13?
-32
In base 9, what is 45 - -18?
64
In base 12, what is -1 + -58?
-59
In base 6, what is 450 + 11?
501
In base 15, what is -1c7 - 4?
-1cb
In base 4, what is 2230 + 0?
2230
In base 4, what is -1112330 + 2?
-1112322
In base 13, what is -22 - 9?
-2b
In base 11, what is -9 - 87?
-95
In base 7, what is -3240 + 2?
-3235
In base 11, what is 1368 + 0?
1368
In base 7, what is -121 - -4?
-114
In base 6, what is -104440 + 0?
-104440
In base 7, what is 0 + -241?
-241
In base 8, what is -2 - -335?
333
In base 6, what is -4 - -1512?
1504
In base 7, what is 0 + 215?
215
In base 4, what is -1102102 + 0?
-1102102
In base 3, what is -1 + -2002010?
-2002011
In base 10, what is -173 - 7?
-180
In base 8, what is 4 - 167?
-163
In base 9, what is 6 - 15?
-8
In base 7, what is 1254 + 1?
1255
In base 9, what is 0 - 155?
-155
In base 5, what is 10 + -1200?
-1140
In base 12, what is 5371 - 3?
536a
In base 10, what is 118 - -2?
120
In base 14, what is 5 - -123?
128
In base 10, what is 76 + 1?
77
In base 10, what is 4 + 221?
225
In base 6, what is -2 - 1344?
-1350
In base 11, what is 1149 + 3?
1151
In base 4, what is 12 + 2323?
3001
In base 6, what is -114245 + -2?
-114251
In base 6, what is 11 - -224?
235
In base 10, what is -5 - 2322?
-2327
In base 15, what is 90 - -2?
92
In base 7, what is -262 - -132?
-130
In base 2, what is 1101 + 100110110?
101000011
In base 12, what is 5 - b5?
-b0
In base 4, what is -2310 - -3?
-2301
In base 15, what is 12 - 8?
9
In base 4, what is -2 + 132?
130
In base 2, what is -10110011 + 10?
-10110001
In base 10, what is -4 - 4?
-8
In base 11, what is -31 + 24?
-8
In base 3, what is -11101 + -12?
-11120
In base 7, what is 203 + 1?
204
In base 6, what is -2001 + -3?
-2004
In base 7, what is -1